 of 917334 and 837782?
2486
Calculate the highest common divisor of 769447 and 49897.
41
Calculate the highest common divisor of 3 and 13950301.
1
What is the highest common factor of 151499674 and 656?
82
Calculate the greatest common divisor of 5452 and 2591063.
1363
What is the highest common divisor of 5689 and 90682?
1
Calculate the greatest common factor of 855 and 4961185.
95
Calculate the highest common divisor of 192460 and 8790.
10
What is the greatest common divisor of 72157015 and 35?
35
Calculate the greatest common divisor of 34628350 and 30.
10
What is the greatest common factor of 4 and 2443956?
4
What is the greatest common factor of 110786 and 1209?
13
Calculate the highest common divisor of 472603170 and 2102.
2102
What is the highest common factor of 117 and 32903208?
117
Calculate the greatest common divisor of 3780 and 561465.
135
What is the greatest common factor of 408 and 43368?
24
Calculate the highest common divisor of 179215152 and 48.
48
Calculate the highest common factor of 1358982 and 79897.
733
What is the highest common divisor of 9254947 and 23?
23
Calculate the greatest common factor of 175127091 and 186.
93
Calculate the highest common divisor of 23413890 and 380.
190
Calculate the greatest common divisor of 1065196742 and 2766.
922
Calculate the highest common divisor of 76622445 and 9.
9
What is the greatest common factor of 1531 and 797729081?
1531
Calculate the highest common divisor of 1145334 and 42.
6
Calculate the highest common divisor of 262383030 and 3780.
1890
What is the greatest common divisor of 270250 and 157826?
2162
What is the highest common factor of 272569 and 10384?
11
What is the highest common factor of 660 and 5432130?
330
Calculate the greatest common divisor of 75383 and 180047.
623
What is the highest common factor of 101246970 and 4950?
330
What is the greatest common factor of 418404145 and 395?
395
What is the highest common divisor of 101398 and 533806?
838
What is the highest common factor of 6 and 3890721?
3
Calculate the greatest common factor of 3396 and 6091292.
1132
Calculate the greatest common factor of 2643 and 19025195.
881
What is the greatest common factor of 6488404 and 40?
4
What is the greatest common divisor of 116140 and 32?
4
What is the greatest common factor of 410953709 and 1591?
1591
What is the highest common factor of 2646 and 29821554?
378
Calculate the greatest common factor of 4120 and 1571330920.
4120
Calculate the highest common factor of 2337 and 136059.
57
Calculate the greatest common divisor of 1484 and 471994733.
371
What is the greatest common divisor of 219328 and 4968?
184
Calculate the highest common factor of 885395 and 24395.
1435
Calculate the greatest common factor of 45570 and 1398782.
434
Calculate the highest common factor of 500 and 263021625.
125
Calculate the greatest common factor of 584 and 65831400.
584
Calculate the highest common factor of 96278 and 644306.
26
Calculate the highest common divisor of 7 and 4628435.
7
What is the highest common factor of 77 and 757876?
7
Calculate the greatest common divisor of 580771360 and 1248.
416
What is the highest common factor of 258 and 54725799?
129
Calculate the greatest common factor of 23888474 and 15627.
5209
What is the highest common factor of 45315285 and 45?
15
What is the greatest common factor of 41608 and 804440?
56
What is the greatest common divisor of 646194550 and 53?
53
Calculate the highest common factor of 2491 and 1127429091.
2491
Calculate the highest common factor of 96330 and 4430.
10
Calculate the greatest common factor of 113223825 and 1683.
1683
Calculate the greatest common factor of 26050 and 35410.
10
Calculate the highest common factor of 3143 and 197094387.
3143
What is the greatest common divisor of 2054 and 605508930?
2054
What is the highest common factor of 30 and 32615585?
5
What is the highest common factor of 7747527 and 184?
23
Calculate the greatest common divisor of 2505 and 1445055.
15
What is the greatest common factor of 18 and 1601613?
9
What is the highest common factor of 472328 and 242029?
391
Calculate the greatest common factor of 872 and 384007.
109
What is the highest common factor of 13 and 2378965134?
13
Calculate the greatest common divisor of 228 and 262547124.
12
What is the highest common divisor of 516 and 405040134?
258
Calculate the highest common factor of 3756 and 16765845.
939
Calculate the greatest common divisor of 203 and 122339.
7
What is the greatest common divisor of 153506 and 8?
2
What is the highest common factor of 2079675 and 2301?
39
Calculate the greatest common divisor of 72072 and 19621.
7
Calculate the greatest common factor of 32 and 20274472.
8
What is the highest common factor of 29551 and 5785882?
1019
What is the highest common divisor of 5386263 and 13056?
51
What is the highest common factor of 128 and 1336256?
64
What is the highest common divisor of 3824 and 38795914?
478
What is the greatest common factor of 348 and 67647981?
87
Calculate the highest common divisor of 29699505 and 1635.
15
What is the greatest common divisor of 352 and 192177392?
176
Calculate the highest common divisor of 7145296 and 7808.
976
Calculate the highest common divisor of 37146 and 586218.
246
Calculate the highest common divisor of 393356003 and 463.
463
Calculate the greatest common factor of 392528152 and 8.
8
What is the greatest common factor of 34344 and 8054622?
954
What is the highest common factor of 9478424 and 1037?
61
What is the greatest common divisor of 4913 and 3793431?
17
What is the highest common divisor of 1269 and 332262?
27
What is the greatest common factor of 729175 and 20?
5
What is the greatest common divisor of 123068869 and 3493?
3493
What is the greatest common divisor of 1066 and 445303378?
1066
Calculate the highest common divisor of 1569797 and 23737678.
14671
Calculate the highest common factor of 1822 and 1025445286.
1822
Calculate the highest common factor of 162 and 412674.
6
Calculate the highest common factor of 2232 and 83202264.
2232
What is the highest common divisor of 1992 and 156102582?
498
What is the highest common factor of 8322258 and 3234?
294
What is the greatest common factor of 936183 and 44133?
939
Calculate the highest common divisor of 1206 and 1594868.
134
What is the highest common divisor of 3361160 and 2695?
55
What is the greatest common divisor of 1019709 and 405?
81
What is the greatest common divisor of 132174 and 5026?
14
Calculate the greatest common divisor of 34978801 and 259.
37
What is the highest common divisor of 22085505 and 727242?
5961
What is the greatest common divisor of 364303 and 26?
1
What is the highest common factor of 70473 and 130358787?
5421
What is the greatest common divisor of 80033202 and 15471?
1719
What is the highest common divisor of 10875 and 5580?
15
What is the highest common factor of 10533674 and 402106?
3758
What is the highest common divisor of 98732655 and 5040?
315
Calculate the highest common factor of 3024 and 87834726.
378
What is the greatest common factor of 8921776 and 16?
16
What is the highest common factor of 2021985 and 227547?
1179
What is the highest common factor of 1554 and 24674079?
111
Calculate the highest common factor of 21223 and 1757041.
1117
What is the greatest common factor of 73547422 and 69?
23
Calculate the highest common factor of 1083413433 and 3.
3
Calculate the greatest common factor of 66 and 77818986.
6
Calculate the highest common divisor of 3883131 and 3843.
63
What is the greatest common factor of 1083 and 29661?
3
What is the greatest common factor of 274169 and 22626702?
5173
What is the highest common factor of 31652080 and 2941?
173
Calculate the greatest common divisor of 17 and 104222801.
17
What is the greatest common factor of 14650 and 33700?
50
Calculate the highest common divisor of 4430682 and 1310.
262
What is the highest common factor of 32 and 575016?
8
What is the greatest common factor of 27 and 112882473?
9
Calculate the greatest common factor of 42776630 and 5.
5
Calculate the highest common divisor of 536 and 178153.
67
What is the greatest common divisor of 2137264 and 925184?
2224
What is the highest common factor of 427518 and 1010464?
182
Calculate the